{"id":90,"date":"2025-01-18T17:20:25","date_gmt":"2025-01-18T17:20:25","guid":{"rendered":"https:\/\/trouwen.olafpeters.nl\/?page_id=90"},"modified":"2025-01-26T12:37:54","modified_gmt":"2025-01-26T12:37:54","slug":"elementor-pagina-90","status":"publish","type":"page","link":"https:\/\/trouwen.olafpeters.nl\/?page_id=90","title":{"rendered":"Omgeving"},"content":{"rendered":"\t\t<div data-elementor-type=\"wp-page\" data-elementor-id=\"90\" class=\"elementor elementor-90\">\n\t\t\t\t<div class=\"elementor-element elementor-element-594722aa e-flex e-con-boxed e-con e-parent\" data-id=\"594722aa\" data-element_type=\"container\" data-e-type=\"container\" data-settings=\"{&quot;background_background&quot;:&quot;classic&quot;}\">\n\t\t\t\t\t<div class=\"e-con-inner\">\n\t\t\t\t<div class=\"elementor-element elementor-element-47806201 elementor-widget elementor-widget-heading\" data-id=\"47806201\" data-element_type=\"widget\" data-e-type=\"widget\" data-widget_type=\"heading.default\">\n\t\t\t\t<div class=\"elementor-widget-container\">\n\t\t\t\t\t<h1 class=\"elementor-heading-title elementor-size-default\">De omgeving<\/h1>\t\t\t\t<\/div>\n\t\t\t\t<\/div>\n\t\t\t\t<div class=\"elementor-element elementor-element-3fe48c6a elementor-widget elementor-widget-image\" data-id=\"3fe48c6a\" data-element_type=\"widget\" data-e-type=\"widget\" data-widget_type=\"image.default\">\n\t\t\t\t<div class=\"elementor-widget-container\">\n\t\t\t\t\t\t\t\t\t\t\t\t\t\t\t<img fetchpriority=\"high\" decoding=\"async\" width=\"1024\" height=\"683\" src=\"https:\/\/trouwen.olafpeters.nl\/wp-content\/uploads\/2025\/01\/Itinerario-per-visitare-Firenze-in-3-giorni-1024x683.avif\" class=\"attachment-large size-large wp-image-93\" alt=\"\" srcset=\"https:\/\/trouwen.olafpeters.nl\/wp-content\/uploads\/2025\/01\/Itinerario-per-visitare-Firenze-in-3-giorni-1024x683.avif 1024w, https:\/\/trouwen.olafpeters.nl\/wp-content\/uploads\/2025\/01\/Itinerario-per-visitare-Firenze-in-3-giorni-300x200.avif 300w, https:\/\/trouwen.olafpeters.nl\/wp-content\/uploads\/2025\/01\/Itinerario-per-visitare-Firenze-in-3-giorni-768x512.avif 768w, https:\/\/trouwen.olafpeters.nl\/wp-content\/uploads\/2025\/01\/Itinerario-per-visitare-Firenze-in-3-giorni-1536x1024.avif 1536w, https:\/\/trouwen.olafpeters.nl\/wp-content\/uploads\/2025\/01\/Itinerario-per-visitare-Firenze-in-3-giorni.avif 1696w\" sizes=\"(max-width: 1024px) 100vw, 1024px\" \/>\t\t\t\t\t\t\t\t\t\t\t\t\t\t\t<\/div>\n\t\t\t\t<\/div>\n\t\t\t\t<div class=\"elementor-element elementor-element-5d746dab elementor-widget elementor-widget-text-editor\" data-id=\"5d746dab\" data-element_type=\"widget\" data-e-type=\"widget\" data-widget_type=\"text-editor.default\">\n\t\t\t\t<div class=\"elementor-widget-container\">\n\t\t\t\t\t\t\t\t\t<p>Toscane, \u00e9\u00e9n van de prachtigste regio&#8217;s van Itali\u00eb. Het glooiende landschap, de prachtige middeleeuwse steden en natuurlijk de prachtige wijnhuizen. Het is een genot om hier te zijn en deze ervaring willen we graag met jullie delen! We vinden het daarom leuk dat we al meerdere positieve geluiden hebben gehoord en dat een sommigen onze bruiloft combineren met een (korte) vakantie. Wat gaaf!<\/p><p>Om jullie wegwijs te maken in de regio hebben we een aantal leuke punten uit de omgeving op een rij gezet. We hebben een prachtige locatie in het buitengebied geregeld, maar deze is niet met het OV te bereiken. Een (huur)auto is daarom echt een aanrader. Zo ben je tijdens je verblijf ook nog eens mobieler en kun je meer van de omgeving zien! Wij huurden eerder een auto met <a href=\"https:\/\/www.sunnycars.nl\/\">Sunny Cars<\/a> en dat beviel goed.<\/p>\t\t\t\t\t\t\t\t<\/div>\n\t\t\t\t<\/div>\n\t\t\t\t\t<\/div>\n\t\t\t\t<\/div>\n\t\t<div class=\"elementor-element elementor-element-1d9337dd e-flex e-con-boxed e-con e-parent\" data-id=\"1d9337dd\" data-element_type=\"container\" data-e-type=\"container\" data-settings=\"{&quot;background_background&quot;:&quot;classic&quot;}\">\n\t\t\t\t\t<div class=\"e-con-inner\">\n\t\t<div class=\"elementor-element elementor-element-4e8f7244 e-con-full e-flex e-con e-child\" data-id=\"4e8f7244\" data-element_type=\"container\" data-e-type=\"container\">\n\t\t\t\t<div class=\"elementor-element elementor-element-1538c5d6 elementor-widget elementor-widget-heading\" data-id=\"1538c5d6\" data-element_type=\"widget\" data-e-type=\"widget\" data-widget_type=\"heading.default\">\n\t\t\t\t<div class=\"elementor-widget-container\">\n\t\t\t\t\t<h2 class=\"elementor-heading-title elementor-size-default\">De steden<\/h2>\t\t\t\t<\/div>\n\t\t\t\t<\/div>\n\t\t\t\t<div class=\"elementor-element elementor-element-14142aed elementor-widget elementor-widget-text-editor\" data-id=\"14142aed\" data-element_type=\"widget\" data-e-type=\"widget\" data-widget_type=\"text-editor.default\">\n\t\t\t\t<div class=\"elementor-widget-container\">\n\t\t\t\t\t\t\t\t\t<p>Siena, Arezzo en natuurlijk Florence. De bekende driehoek van machtige Toscaanse steden. Allen met hun eigen hoogtepunten en pracht. Denk bijv. aan de kolossale Duomo in Florence van bovenstaande afbeelding. Alle drie de steden zijn goed bereikbaar vanuit Greve in Chianti.<\/p><p>Florence ligt op ongeveer 50 minuten rijden, maar is ook goed met de trein bereikbaar vanuit het nabijgelegen Figline Valdarno. Als je met het vliegtuig komt, kun je er voor kiezen om hier te landen en eerst de stad te bezichtigen alvorens je verder reist.<\/p><p>Siena ligt op ongeveer 1 uur rijden. Bekend om de Paleo en het mooie plein in het centrum van de stad.\u00a0<\/p><p>Arezzo ligt op ongeveer 1 uur rijden. Een stad vol kunst en leuk om te winkelen. De stad is wel drie keer zo groot als Siena.<\/p><p>In de nabije omgeving is de welbekende Chianti regio natuurlijk h\u00e9t ding. Talloze goed toegankelijke wijngaarden, het prachtige Toscaanse landschap en uitgestrekte heuvellandschappen. Greve in Chianti is 10 minuutjes rijden.<\/p>\t\t\t\t\t\t\t\t<\/div>\n\t\t\t\t<\/div>\n\t\t\t\t<\/div>\n\t\t<div class=\"elementor-element elementor-element-587c6b28 e-con-full e-flex e-con e-child\" data-id=\"587c6b28\" data-element_type=\"container\" data-e-type=\"container\">\n\t\t\t\t<div class=\"elementor-element elementor-element-ba695af elementor-widget elementor-widget-image\" data-id=\"ba695af\" data-element_type=\"widget\" data-e-type=\"widget\" data-widget_type=\"image.default\">\n\t\t\t\t<div class=\"elementor-widget-container\">\n\t\t\t\t\t\t\t\t\t\t\t\t\t\t\t<img decoding=\"async\" width=\"1024\" height=\"683\" src=\"https:\/\/trouwen.olafpeters.nl\/wp-content\/uploads\/2025\/01\/tuscany-s-chianti-wine-region-from-florence-to-siena-1024x683.jpg\" class=\"attachment-large size-large wp-image-97\" alt=\"\" srcset=\"https:\/\/trouwen.olafpeters.nl\/wp-content\/uploads\/2025\/01\/tuscany-s-chianti-wine-region-from-florence-to-siena-1024x683.jpg 1024w, https:\/\/trouwen.olafpeters.nl\/wp-content\/uploads\/2025\/01\/tuscany-s-chianti-wine-region-from-florence-to-siena-300x200.jpg 300w, https:\/\/trouwen.olafpeters.nl\/wp-content\/uploads\/2025\/01\/tuscany-s-chianti-wine-region-from-florence-to-siena-768x512.jpg 768w, https:\/\/trouwen.olafpeters.nl\/wp-content\/uploads\/2025\/01\/tuscany-s-chianti-wine-region-from-florence-to-siena.jpg 1500w\" sizes=\"(max-width: 1024px) 100vw, 1024px\" \/>\t\t\t\t\t\t\t\t\t\t\t\t\t\t\t<\/div>\n\t\t\t\t<\/div>\n\t\t\t\t<\/div>\n\t\t\t\t\t<\/div>\n\t\t\t\t<\/div>\n\t\t<div class=\"elementor-element elementor-element-3113b9a6 e-flex e-con-boxed e-con e-parent\" data-id=\"3113b9a6\" data-element_type=\"container\" data-e-type=\"container\" data-settings=\"{&quot;background_background&quot;:&quot;classic&quot;}\">\n\t\t\t\t\t<div class=\"e-con-inner\">\n\t\t<div class=\"elementor-element elementor-element-51c8b050 e-con-full e-flex e-con e-child\" data-id=\"51c8b050\" data-element_type=\"container\" data-e-type=\"container\">\n\t\t\t\t<div class=\"elementor-element elementor-element-32af3f97 elementor-widget elementor-widget-image\" data-id=\"32af3f97\" data-element_type=\"widget\" data-e-type=\"widget\" data-widget_type=\"image.default\">\n\t\t\t\t<div class=\"elementor-widget-container\">\n\t\t\t\t\t\t\t\t\t\t\t\t\t\t\t<img decoding=\"async\" width=\"652\" height=\"648\" src=\"https:\/\/trouwen.olafpeters.nl\/wp-content\/uploads\/2025\/01\/Dario_with_glass_of_Chianti.png\" class=\"attachment-large size-large wp-image-98\" alt=\"\" srcset=\"https:\/\/trouwen.olafpeters.nl\/wp-content\/uploads\/2025\/01\/Dario_with_glass_of_Chianti.png 652w, https:\/\/trouwen.olafpeters.nl\/wp-content\/uploads\/2025\/01\/Dario_with_glass_of_Chianti-300x298.png 300w, https:\/\/trouwen.olafpeters.nl\/wp-content\/uploads\/2025\/01\/Dario_with_glass_of_Chianti-150x150.png 150w\" sizes=\"(max-width: 652px) 100vw, 652px\" \/>\t\t\t\t\t\t\t\t\t\t\t\t\t\t\t<\/div>\n\t\t\t\t<\/div>\n\t\t\t\t<\/div>\n\t\t<div class=\"elementor-element elementor-element-4652e6a4 e-con-full e-flex e-con e-child\" data-id=\"4652e6a4\" data-element_type=\"container\" data-e-type=\"container\">\n\t\t\t\t<div class=\"elementor-element elementor-element-36e7bb79 elementor-widget elementor-widget-heading\" data-id=\"36e7bb79\" data-element_type=\"widget\" data-e-type=\"widget\" data-widget_type=\"heading.default\">\n\t\t\t\t<div class=\"elementor-widget-container\">\n\t\t\t\t\t<h2 class=\"elementor-heading-title elementor-size-default\">Dario Cecchini\u200b<\/h2>\t\t\t\t<\/div>\n\t\t\t\t<\/div>\n\t\t\t\t<div class=\"elementor-element elementor-element-26881aba elementor-widget elementor-widget-text-editor\" data-id=\"26881aba\" data-element_type=\"widget\" data-e-type=\"widget\" data-widget_type=\"text-editor.default\">\n\t\t\t\t<div class=\"elementor-widget-container\">\n\t\t\t\t\t\t\t\t\t<p>Voor de vleesliefhebbers zit er een geweldige slager + restaurant in Panzano in Chianti. <a href=\"https:\/\/www.dariocecchini.com\/?\">Dario Cecchini<\/a> is bekend van Netflix&#8217;s Chefs Table (volume 6)! Leuk om te zien voor de herkenbaarheid en om deze slager (voorheen dierenarts) op dieren te zien. Je kunt hier geweldig eten, waarbij je aan lange tafels van de mooiste stukken rundvlees geserveerd krijgt. Steeds wordt er een nieuw soort rundvlees rondgebracht, waarbij je keer op keer blijft genieten. Je hebt hierbij grote flessen Chianti wijn en water op tafel staan, zodat je tijdens je bezoek niets te kort komt.<\/p>\t\t\t\t\t\t\t\t<\/div>\n\t\t\t\t<\/div>\n\t\t\t\t<\/div>\n\t\t\t\t\t<\/div>\n\t\t\t\t<\/div>\n\t\t<div class=\"elementor-element elementor-element-03b3f9b e-flex e-con-boxed e-con e-parent\" data-id=\"03b3f9b\" data-element_type=\"container\" data-e-type=\"container\" data-settings=\"{&quot;background_background&quot;:&quot;classic&quot;}\">\n\t\t\t\t\t<div class=\"e-con-inner\">\n\t\t<div class=\"elementor-element elementor-element-3caec80 e-con-full e-flex e-con e-child\" data-id=\"3caec80\" data-element_type=\"container\" data-e-type=\"container\">\n\t\t\t\t<div class=\"elementor-element elementor-element-b463e71 elementor-widget elementor-widget-heading\" data-id=\"b463e71\" data-element_type=\"widget\" data-e-type=\"widget\" data-widget_type=\"heading.default\">\n\t\t\t\t<div class=\"elementor-widget-container\">\n\t\t\t\t\t<h2 class=\"elementor-heading-title elementor-size-default\">Chianti wijn<\/h2>\t\t\t\t<\/div>\n\t\t\t\t<\/div>\n\t\t\t\t<div class=\"elementor-element elementor-element-7832c9e elementor-widget elementor-widget-text-editor\" data-id=\"7832c9e\" data-element_type=\"widget\" data-e-type=\"widget\" data-widget_type=\"text-editor.default\">\n\t\t\t\t<div class=\"elementor-widget-container\">\n\t\t\t\t\t\t\t\t\t<p>Deze regio staat bekend om haar prachtige wijnen. Het mooie is dat deze regio enorm toegankelijk is om wijngaarden te bezoeken. Je kunt zo naar een wijngaard toe rijden, rondwandelen, een wijntje scoren en eventueel een proeverij doen.<\/p><p>Een aantal leuke wijngaarden die wij bezocht hebben zijn:<br \/><a href=\"http:\/\/fattorialefonti.it\/\">Le Fonti in Panzano in Chianti<\/a><br \/>Hiernaast zie je ons proefmoment.<br \/><a href=\"https:\/\/tenuta-casenuove.com\/\">Tenuta Casenuove in Panzo in Chianti<\/a><br \/><a href=\"https:\/\/albola.it\/en\/\">Castillo di Albola in Radda in Chianti<\/a><br \/><a href=\"https:\/\/www.antinori.it\/en\/tenuta\/estates-antinori\/antinori-nel-chianti-classico-estate\/\">Marchesi Antinori in Bargino<\/a>. <br \/>Ooit verkozen tot &#8217;s werelds mooiste wijngaard.<\/p>\t\t\t\t\t\t\t\t<\/div>\n\t\t\t\t<\/div>\n\t\t\t\t<\/div>\n\t\t<div class=\"elementor-element elementor-element-c9310a0 e-con-full e-flex e-con e-child\" data-id=\"c9310a0\" data-element_type=\"container\" data-e-type=\"container\">\n\t\t\t\t<div class=\"elementor-element elementor-element-90e08c4 elementor-widget elementor-widget-image\" data-id=\"90e08c4\" data-element_type=\"widget\" data-e-type=\"widget\" data-widget_type=\"image.default\">\n\t\t\t\t<div class=\"elementor-widget-container\">\n\t\t\t\t\t\t\t\t\t\t\t\t\t\t\t<img loading=\"lazy\" decoding=\"async\" width=\"480\" height=\"640\" src=\"https:\/\/trouwen.olafpeters.nl\/wp-content\/uploads\/2025\/01\/IMG_0144-2-rotated.jpg\" class=\"attachment-large size-large wp-image-317\" alt=\"\" srcset=\"https:\/\/trouwen.olafpeters.nl\/wp-content\/uploads\/2025\/01\/IMG_0144-2-rotated.jpg 480w, https:\/\/trouwen.olafpeters.nl\/wp-content\/uploads\/2025\/01\/IMG_0144-2-225x300.jpg 225w\" sizes=\"(max-width: 480px) 100vw, 480px\" \/>\t\t\t\t\t\t\t\t\t\t\t\t\t\t\t<\/div>\n\t\t\t\t<\/div>\n\t\t\t\t<\/div>\n\t\t\t\t\t<\/div>\n\t\t\t\t<\/div>\n\t\t<div class=\"elementor-element elementor-element-98d65ea e-flex e-con-boxed e-con e-parent\" data-id=\"98d65ea\" data-element_type=\"container\" data-e-type=\"container\" data-settings=\"{&quot;background_background&quot;:&quot;classic&quot;}\">\n\t\t\t\t\t<div class=\"e-con-inner\">\n\t\t<div class=\"elementor-element elementor-element-97da2ed e-con-full e-flex e-con e-child\" data-id=\"97da2ed\" data-element_type=\"container\" data-e-type=\"container\">\n\t\t\t\t<div class=\"elementor-element elementor-element-3c143c6 elementor-widget elementor-widget-image\" data-id=\"3c143c6\" data-element_type=\"widget\" data-e-type=\"widget\" data-widget_type=\"image.default\">\n\t\t\t\t<div class=\"elementor-widget-container\">\n\t\t\t\t\t\t\t\t\t\t\t\t\t\t\t<img loading=\"lazy\" decoding=\"async\" width=\"750\" height=\"430\" src=\"https:\/\/trouwen.olafpeters.nl\/wp-content\/uploads\/2025\/01\/430.1075268817204x750_2fe040fea27aec38_1552577426.png\" class=\"attachment-large size-large wp-image-236\" alt=\"\" srcset=\"https:\/\/trouwen.olafpeters.nl\/wp-content\/uploads\/2025\/01\/430.1075268817204x750_2fe040fea27aec38_1552577426.png 750w, https:\/\/trouwen.olafpeters.nl\/wp-content\/uploads\/2025\/01\/430.1075268817204x750_2fe040fea27aec38_1552577426-300x172.png 300w\" sizes=\"(max-width: 750px) 100vw, 750px\" \/>\t\t\t\t\t\t\t\t\t\t\t\t\t\t\t<\/div>\n\t\t\t\t<\/div>\n\t\t\t\t<\/div>\n\t\t<div class=\"elementor-element elementor-element-311f2b3 e-con-full e-flex e-con e-child\" data-id=\"311f2b3\" data-element_type=\"container\" data-e-type=\"container\">\n\t\t\t\t<div class=\"elementor-element elementor-element-79d2867 elementor-widget elementor-widget-heading\" data-id=\"79d2867\" data-element_type=\"widget\" data-e-type=\"widget\" data-widget_type=\"heading.default\">\n\t\t\t\t<div class=\"elementor-widget-container\">\n\t\t\t\t\t<h2 class=\"elementor-heading-title elementor-size-default\">Langer blijven?<\/h2>\t\t\t\t<\/div>\n\t\t\t\t<\/div>\n\t\t\t\t<div class=\"elementor-element elementor-element-5edf3d3 elementor-widget elementor-widget-text-editor\" data-id=\"5edf3d3\" data-element_type=\"widget\" data-e-type=\"widget\" data-widget_type=\"text-editor.default\">\n\t\t\t\t<div class=\"elementor-widget-container\">\n\t\t\t\t\t\t\t\t\t<p>Dat is natuurlijk een goed idee! Zoals je merkt zijn er genoeg leuke dingen in de regio te doen en te zien.<\/p>\n<p>Wij zijn tweemaal in deze regio op vakantie geweest en hebben beide keren geslapen op dezelfde camping. Deze ligt op ongeveer 10 minuten rijden van Tenuta Riseccoli. De camping heet &#8216;<a href=\"https:\/\/norcenni.huopenair.com\/nl\">Hu Norcenni Girasole<\/a>&#8216; en is via verschillende partijen te boeken.<\/p>\n<p>Daarnaast is het in Itali\u00eb populair om te slapen in zogeheten &#8216;Agricultura&#8217;. Dit kun je zien als een soort Bed and Breakfast en is vaak wat kleinschaliger.<\/p>\t\t\t\t\t\t\t\t<\/div>\n\t\t\t\t<\/div>\n\t\t\t\t<\/div>\n\t\t\t\t\t<\/div>\n\t\t\t\t<\/div>\n\t\t<div class=\"elementor-element elementor-element-20dfa7d e-flex e-con-boxed e-con e-parent\" data-id=\"20dfa7d\" data-element_type=\"container\" data-e-type=\"container\" data-settings=\"{&quot;background_background&quot;:&quot;classic&quot;}\">\n\t\t\t\t\t<div class=\"e-con-inner\">\n\t\t\t\t<div class=\"elementor-element elementor-element-38cb4e0 elementor-widget elementor-widget-heading\" data-id=\"38cb4e0\" data-element_type=\"widget\" data-e-type=\"widget\" data-widget_type=\"heading.default\">\n\t\t\t\t<div class=\"elementor-widget-container\">\n\t\t\t\t\t<h2 class=\"elementor-heading-title elementor-size-default\">Onze ceremoniemeester<\/h2>\t\t\t\t<\/div>\n\t\t\t\t<\/div>\n\t\t\t\t<div class=\"elementor-element elementor-element-e68e97f elementor-widget elementor-widget-text-editor\" data-id=\"e68e97f\" data-element_type=\"widget\" data-e-type=\"widget\" data-widget_type=\"text-editor.default\">\n\t\t\t\t<div class=\"elementor-widget-container\">\n\t\t\t\t\t\t\t\t\t<p><strong>Marloes Peters<br \/>Tel: <\/strong>06 &#8211; 13 71 21 96<strong><br \/>Email: <\/strong>marloesampeters@gmail.com<\/p>\t\t\t\t\t\t\t\t<\/div>\n\t\t\t\t<\/div>\n\t\t\t\t\t<\/div>\n\t\t\t\t<\/div>\n\t\t\t\t<\/div>\n\t\t","protected":false},"excerpt":{"rendered":"<p>De omgeving Toscane, \u00e9\u00e9n van de prachtigste regio&#8217;s van Itali\u00eb. Het glooiende landschap, de prachtige middeleeuwse steden en natuurlijk de [&hellip;]<\/p>\n","protected":false},"author":1,"featured_media":0,"parent":0,"menu_order":0,"comment_status":"closed","ping_status":"closed","template":"","meta":{"site-sidebar-layout":"no-sidebar","site-content-layout":"","ast-site-content-layout":"full-width-container","site-content-style":"default","site-sidebar-style":"default","ast-global-header-display":"","ast-banner-title-visibility":"","ast-main-header-display":"","ast-hfb-above-header-display":"","ast-hfb-below-header-display":"","ast-hfb-mobile-header-display":"","site-post-title":"disabled","ast-breadcrumbs-content":"","ast-featured-img":"disabled","footer-sml-layout":"","ast-disable-related-posts":"","theme-transparent-header-meta":"","adv-header-id-meta":"","stick-header-meta":"","header-above-stick-meta":"","header-main-stick-meta":"","header-below-stick-meta":"","astra-migrate-meta-layouts":"default","ast-page-background-enabled":"default","ast-page-background-meta":{"desktop":{"background-color":"var(--ast-global-color-5)","background-image":"","background-repeat":"repeat","background-position":"center center","background-size":"auto","background-attachment":"scroll","background-type":"","background-media":"","overlay-type":"","overlay-color":"","overlay-opacity":"","overlay-gradient":""},"tablet":{"background-color":"","background-image":"","background-repeat":"repeat","background-position":"center center","background-size":"auto","background-attachment":"scroll","background-type":"","background-media":"","overlay-type":"","overlay-color":"","overlay-opacity":"","overlay-gradient":""},"mobile":{"background-color":"","background-image":"","background-repeat":"repeat","background-position":"center center","background-size":"auto","background-attachment":"scroll","background-type":"","background-media":"","overlay-type":"","overlay-color":"","overlay-opacity":"","overlay-gradient":""}},"ast-content-background-meta":{"desktop":{"background-color":"var(--ast-global-color-4)","background-image":"","background-repeat":"repeat","background-position":"center center","background-size":"auto","background-attachment":"scroll","background-type":"","background-media":"","overlay-type":"","overlay-color":"","overlay-opacity":"","overlay-gradient":""},"tablet":{"background-color":"var(--ast-global-color-4)","background-image":"","background-repeat":"repeat","background-position":"center center","background-size":"auto","background-attachment":"scroll","background-type":"","background-media":"","overlay-type":"","overlay-color":"","overlay-opacity":"","overlay-gradient":""},"mobile":{"background-color":"var(--ast-global-color-4)","background-image":"","background-repeat":"repeat","background-position":"center center","background-size":"auto","background-attachment":"scroll","background-type":"","background-media":"","overlay-type":"","overlay-color":"","overlay-opacity":"","overlay-gradient":""}},"footnotes":""},"class_list":["post-90","page","type-page","status-publish","hentry"],"_links":{"self":[{"href":"https:\/\/trouwen.olafpeters.nl\/index.php?rest_route=\/wp\/v2\/pages\/90","targetHints":{"allow":["GET"]}}],"collection":[{"href":"https:\/\/trouwen.olafpeters.nl\/index.php?rest_route=\/wp\/v2\/pages"}],"about":[{"href":"https:\/\/trouwen.olafpeters.nl\/index.php?rest_route=\/wp\/v2\/types\/page"}],"author":[{"embeddable":true,"href":"https:\/\/trouwen.olafpeters.nl\/index.php?rest_route=\/wp\/v2\/users\/1"}],"replies":[{"embeddable":true,"href":"https:\/\/trouwen.olafpeters.nl\/index.php?rest_route=%2Fwp%2Fv2%2Fcomments&post=90"}],"version-history":[{"count":44,"href":"https:\/\/trouwen.olafpeters.nl\/index.php?rest_route=\/wp\/v2\/pages\/90\/revisions"}],"predecessor-version":[{"id":320,"href":"https:\/\/trouwen.olafpeters.nl\/index.php?rest_route=\/wp\/v2\/pages\/90\/revisions\/320"}],"wp:attachment":[{"href":"https:\/\/trouwen.olafpeters.nl\/index.php?rest_route=%2Fwp%2Fv2%2Fmedia&parent=90"}],"curies":[{"name":"wp","href":"https:\/\/api.w.org\/{rel}","templated":true}]}}